{"id":963,"date":"2024-01-24T18:39:54","date_gmt":"2024-01-24T18:39:54","guid":{"rendered":"http:\/\/www.prismaoptica.es\/web\/?page_id=963"},"modified":"2024-01-26T11:49:26","modified_gmt":"2024-01-26T11:49:26","slug":"asesoramiento","status":"publish","type":"page","link":"http:\/\/www.prismaoptica.es\/web\/asesoramiento\/","title":{"rendered":"&rarr;"},"content":{"rendered":"\t\t<div data-elementor-type=\"wp-page\" data-elementor-id=\"963\" class=\"elementor elementor-963\">\n\t\t\t\t\t\t\t<div class=\"elementor-element elementor-element-a339e40 e-flex e-con-boxed e-con e-parent\" data-id=\"a339e40\" data-element_type=\"container\" data-settings=\"{&quot;content_width&quot;:&quot;boxed&quot;}\" data-core-v316-plus=\"true\">\n\t\t\t\t\t<div class=\"e-con-inner\">\n\t\t\t\t<div class=\"elementor-element elementor-element-6e3cced elementor-widget elementor-widget-heading\" data-id=\"6e3cced\" data-element_type=\"widget\" data-widget_type=\"heading.default\">\n\t\t\t\t<div class=\"elementor-widget-container\">\n\t\t\t<style>\/*! elementor - v3.18.0 - 20-12-2023 *\/\n.elementor-heading-title{padding:0;margin:0;line-height:1}.elementor-widget-heading .elementor-heading-title[class*=elementor-size-]>a{color:inherit;font-size:inherit;line-height:inherit}.elementor-widget-heading .elementor-heading-title.elementor-size-small{font-size:15px}.elementor-widget-heading .elementor-heading-title.elementor-size-medium{font-size:19px}.elementor-widget-heading .elementor-heading-title.elementor-size-large{font-size:29px}.elementor-widget-heading .elementor-heading-title.elementor-size-xl{font-size:39px}.elementor-widget-heading .elementor-heading-title.elementor-size-xxl{font-size:59px}<\/style><h1 class=\"elementor-heading-title elementor-size-default\">Gui\u00e1ndote hacia una Visi\u00f3n Personalizada<\/h1>\t\t<\/div>\n\t\t\t\t<\/div>\n\t\t\t\t<div class=\"elementor-element elementor-element-9943cea elementor-widget elementor-widget-text-editor\" data-id=\"9943cea\" data-element_type=\"widget\" data-widget_type=\"text-editor.default\">\n\t\t\t\t<div class=\"elementor-widget-container\">\n\t\t\t<style>\/*! elementor - v3.18.0 - 20-12-2023 *\/\n.elementor-widget-text-editor.elementor-drop-cap-view-stacked .elementor-drop-cap{background-color:#69727d;color:#fff}.elementor-widget-text-editor.elementor-drop-cap-view-framed .elementor-drop-cap{color:#69727d;border:3px solid;background-color:transparent}.elementor-widget-text-editor:not(.elementor-drop-cap-view-default) .elementor-drop-cap{margin-top:8px}.elementor-widget-text-editor:not(.elementor-drop-cap-view-default) .elementor-drop-cap-letter{width:1em;height:1em}.elementor-widget-text-editor .elementor-drop-cap{float:left;text-align:center;line-height:1;font-size:50px}.elementor-widget-text-editor .elementor-drop-cap-letter{display:inline-block}<\/style>\t\t\t\t<p><span style=\"font-size: 14pt;\">En <strong>PrismaOptica<\/strong>, comprendemos que la visi\u00f3n es \u00fanica y personal. Es por eso que ofrecemos un servicio de asesoramiento personalizado, dise\u00f1ado para abordar tus necesidades espec\u00edficas y brindarte soluciones visuales adaptadas a tu estilo de vida.<\/span><\/p>\t\t\t\t\t\t<\/div>\n\t\t\t\t<\/div>\n\t\t\t\t<div class=\"elementor-element elementor-element-e2d4b82 elementor-widget elementor-widget-heading\" data-id=\"e2d4b82\" data-element_type=\"widget\" data-widget_type=\"heading.default\">\n\t\t\t\t<div class=\"elementor-widget-container\">\n\t\t\t<h2 class=\"elementor-heading-title elementor-size-default\">\u00bfEn qu\u00e9 Consiste el Asesoramiento Personalizado?<\/h2>\t\t<\/div>\n\t\t\t\t<\/div>\n\t\t\t\t<div class=\"elementor-element elementor-element-c95c816 elementor-widget elementor-widget-text-editor\" data-id=\"c95c816\" data-element_type=\"widget\" data-widget_type=\"text-editor.default\">\n\t\t\t\t<div class=\"elementor-widget-container\">\n\t\t\t\t\t\t\t<p><span style=\"font-size: 14pt;\">Nuestro equipo de expertos en salud visual se compromete a ofrecerte una experiencia \u00fanica. A trav\u00e9s de un asesoramiento detallado, evaluamos tus requisitos visuales, tu historial ocular y tu estilo de vida. Este enfoque personalizado nos permite recomendarte las mejores opciones en cuanto a correcci\u00f3n visual, prevenci\u00f3n de problemas oculares y mejora de tu comodidad visual en situaciones espec\u00edficas.<\/span><\/p>\t\t\t\t\t\t<\/div>\n\t\t\t\t<\/div>\n\t\t\t\t<div class=\"elementor-element elementor-element-9c085b6 elementor-widget elementor-widget-heading\" data-id=\"9c085b6\" data-element_type=\"widget\" data-widget_type=\"heading.default\">\n\t\t\t\t<div class=\"elementor-widget-container\">\n\t\t\t<h2 class=\"elementor-heading-title elementor-size-default\">Un Enfoque Hol\u00edstico para tu Visi\u00f3n<\/h2>\t\t<\/div>\n\t\t\t\t<\/div>\n\t\t\t\t<div class=\"elementor-element elementor-element-bc99a7d elementor-widget elementor-widget-text-editor\" data-id=\"bc99a7d\" data-element_type=\"widget\" data-widget_type=\"text-editor.default\">\n\t\t\t\t<div class=\"elementor-widget-container\">\n\t\t\t\t\t\t\t<p><span style=\"font-size: 14pt;\">El asesoramiento personalizado no se trata solo de lentes y ex\u00e1menes oculares; es un enfoque hol\u00edstico para la salud visual. Consideramos tus actividades diarias, tu entorno de trabajo y tus objetivos visuales a corto y largo plazo. Ya sea que necesites lentes de contacto, gafas especializadas o consejos para el cuidado ocular, nuestro equipo est\u00e1 aqu\u00ed para guiarte.<\/span><\/p>\t\t\t\t\t\t<\/div>\n\t\t\t\t<\/div>\n\t\t\t\t<div class=\"elementor-element elementor-element-18bece7 elementor-widget elementor-widget-heading\" data-id=\"18bece7\" data-element_type=\"widget\" data-widget_type=\"heading.default\">\n\t\t\t\t<div class=\"elementor-widget-container\">\n\t\t\t<h2 class=\"elementor-heading-title elementor-size-default\">M\u00e1s All\u00e1 de la Visi\u00f3n 20\/20<\/h2>\t\t<\/div>\n\t\t\t\t<\/div>\n\t\t\t\t<div class=\"elementor-element elementor-element-a9783a1 elementor-widget elementor-widget-text-editor\" data-id=\"a9783a1\" data-element_type=\"widget\" data-widget_type=\"text-editor.default\">\n\t\t\t\t<div class=\"elementor-widget-container\">\n\t\t\t\t\t\t\t<p><span style=\"font-size: 14pt;\">En <strong>PrismaOptica<\/strong>, no nos conformamos con proporcionar una visi\u00f3n clara; buscamos optimizar tu experiencia visual. Nuestra dedicaci\u00f3n al asesoramiento personalizado significa que recibir\u00e1s recomendaciones adaptadas a tus necesidades individuales, garantizando que obtengas la mejor soluci\u00f3n para tu visi\u00f3n \u00fanica.<\/span><\/p>\t\t\t\t\t\t<\/div>\n\t\t\t\t<\/div>\n\t\t\t\t<div class=\"elementor-element elementor-element-bf74201 elementor-widget elementor-widget-heading\" data-id=\"bf74201\" data-element_type=\"widget\" data-widget_type=\"heading.default\">\n\t\t\t\t<div class=\"elementor-widget-container\">\n\t\t\t<h2 class=\"elementor-heading-title elementor-size-default\">Tu Visi\u00f3n Personalizada, Nuestra Prioridad<\/h2>\t\t<\/div>\n\t\t\t\t<\/div>\n\t\t\t\t<div class=\"elementor-element elementor-element-c82f53b elementor-widget elementor-widget-text-editor\" data-id=\"c82f53b\" data-element_type=\"widget\" data-widget_type=\"text-editor.default\">\n\t\t\t\t<div class=\"elementor-widget-container\">\n\t\t\t\t\t\t\t<p><span style=\"font-size: 14pt;\">\u00bfListo para una experiencia visual personalizada? Programa tu cita para el asesoramiento personalizado y descubre c\u00f3mo podemos mejorar tu visi\u00f3n y bienestar visual de una manera \u00fanica y adaptada a ti.<\/span><\/p>\t\t\t\t\t\t<\/div>\n\t\t\t\t<\/div>\n\t\t\t\t\t<\/div>\n\t\t\t\t<\/div>\n\t\t\t\t\t\t\t<\/div>\n\t\t","protected":false},"excerpt":{"rendered":"<p>Gui\u00e1ndote hacia una Visi\u00f3n Personalizada En PrismaOptica, comprendemos que la visi\u00f3n es \u00fanica y personal. Es por eso que ofrecemos un servicio de asesoramiento personalizado, dise\u00f1ado para abordar tus necesidades espec\u00edficas y brindarte soluciones visuales adaptadas a tu estilo de vida. \u00bfEn qu\u00e9 Consiste el Asesoramiento Personalizado? Nuestro equipo de expertos en salud visual se [&hellip;]<\/p>\n","protected":false},"author":1,"featured_media":0,"parent":0,"menu_order":0,"comment_status":"closed","ping_status":"closed","template":"elementor_header_footer","meta":{"jetpack_post_was_ever_published":false,"footnotes":""},"jetpack_sharing_enabled":true,"jetpack_shortlink":"https:\/\/wp.me\/P8Tz7L-fx","_links":{"self":[{"href":"http:\/\/www.prismaoptica.es\/web\/wp-json\/wp\/v2\/pages\/963"}],"collection":[{"href":"http:\/\/www.prismaoptica.es\/web\/wp-json\/wp\/v2\/pages"}],"about":[{"href":"http:\/\/www.prismaoptica.es\/web\/wp-json\/wp\/v2\/types\/page"}],"author":[{"embeddable":true,"href":"http:\/\/www.prismaoptica.es\/web\/wp-json\/wp\/v2\/users\/1"}],"replies":[{"embeddable":true,"href":"http:\/\/www.prismaoptica.es\/web\/wp-json\/wp\/v2\/comments?post=963"}],"version-history":[{"count":5,"href":"http:\/\/www.prismaoptica.es\/web\/wp-json\/wp\/v2\/pages\/963\/revisions"}],"predecessor-version":[{"id":1009,"href":"http:\/\/www.prismaoptica.es\/web\/wp-json\/wp\/v2\/pages\/963\/revisions\/1009"}],"wp:attachment":[{"href":"http:\/\/www.prismaoptica.es\/web\/wp-json\/wp\/v2\/media?parent=963"}],"curies":[{"name":"wp","href":"https:\/\/api.w.org\/{rel}","templated":true}]}}